is the units digit of u?
8
Let x(y) = y**2 + 2*y. Let k(v) = 4*v**2 + 7*v + 1. Suppose -10*n - 14 = -3*n. Let p(m) = n*k(m) + 9*x(m). What is the units digit of p(-10)?
8
Let p be -5 - 2/(-2)*7. Suppose 0 = -i - p*n + 1, 6*i = 7*i - 2*n - 21. What is the units digit of i?
1
What is the thousands digit of ((-6394)/(-8) - -7)*4?
3
Let s = -70 + 75. Suppose j - s*i - 45 = 0, -2*i - 203 = -3*j - 4*i. What is the units digit of j?
5
Let b = 242 + -173. Let s = b + -42. What is the tens digit of s?
2
Let o(r) = -3*r - 14. Let d be (-156)/(-182)*(-6 - 1). What is the units digit of o(d)?
4
Let j(r) = -2*r + 2. Suppose q - 4*m = -m - 8, m = -2*q + 12. Let o = -5 + q. What is the units digit of j(o)?
4
Suppose -3*a - 19*u = -20*u - 9430, -3*a - 5*u + 9442 = 0. What is the units digit of a?
4
Suppose -5*n + 3*t + 110 = 0, -t - 29 + 5 = -n. Suppose -3*z + 22 = 5*m, z = m + m. What is the units digit of n*(-4)/(z/(-1))?
9
Let b(m) = -m**3 - m**2 + 2*m + 57. Let z be b(0). Let d(s) = s**3 + 9*s**2 - s - 4. Let u be d(-9). Suppose u*j = 4*j + z. What is the tens digit of j?
5
Suppose a - 290 = -43*i + 41*i, 4*i = 16. What is the units digit of a?
2
Let t = -2 + 8. Let y = 296 - 296. Suppose y = -t*r + r + 120. What is the tens digit of r?
2
Let w(t) = t**2 + 4*t - 2. Let z(o) = o - 11. Let i be z(5). What is the units digit of w(i)?
0
Let b(m) = m**2 - 3. Let l be b(3). Let a(s) = -s + 7. Let i be a(l). Suppose -u = 3*y - 39, 3*u - i = 8. What is the tens digit of y?
1
Suppose -3 = 2*g + t - 39, 54 = 3*g + 3*t. What is the tens digit of (-4)/g - (-5780)/90?
6
Let r be (-22)/(-143) + 4912/13. Suppose 112 = 7*w - r. What is the units digit of w?
0
Suppose -2*v + 20 = 8. What is the tens digit of (-4)/6 - 7*(-106)/v?
2
Suppose -5701 - 69419 = -48*y. What is the thousands digit of y?
1
Let v(b) = 312*b - 4 + 2*b**2 - 312*b. What is the tens digit of v(3)?
1
Let k = 8 - 6. Suppose 6 = k*b - 24. What is the units digit of b?
5
Suppose 14*m - 21024 = -2*m. What is the units digit of m?
4
Let k be 0/1 - (11 - 1). Let x = k + 105. What is the units digit of x?
5
Suppose 3*b - 2*b + 3*u = 16, -29 = -4*b - 5*u. Let n be ((-12)/(-20))/(b/5). Suppose 3*f + 5*p - 39 = -n, 5*f - 2*p = 60. What is the tens digit of f?
1
Let b(q) = 7*q**2 - 7*q + 2. Suppose 2*p - 4 + 0 = 0. What is the units digit of b(p)?
6
Let j be 2 - (3 + -2 - 3). Suppose 665 = j*a + 261. What is the hundreds digit of a?
1
Let l be 4480/(-200) + 1 + (-8)/5. Let o be ((-3)/(-2))/(1/2). Let x = o - l. What is the tens digit of x?
2
Suppose 0 = 23*k + 21*k - 4400. What is the hundreds digit of k?
1
Let r(p) = -p**2 - 5*p - 1. Let a be r(-2). Suppose 4*l - a = -l. Suppose n - 2*n + l = -3*q, 2*q + 2 = n. What is the units digit of n?
4
Let w(p) = p + 30. Let o be w(-15). Suppose -o*r + 56 = -14*r. Suppose 0 = -2*n - 3*z - 11 + 71, 2*n + 5*z - r = 0. What is the units digit of n?
3
Let c be 6/4*(9 + -11). What is the tens digit of 1 + 15/c - -61?
5
Let c = -466 + 717. What is the tens digit of c?
5
Let t(y) = 6*y. Let a be t(2). Suppose -a*g + 6 = -10*g. Suppose 3*v - g*q = 51, v = q - 3*q + 11. What is the units digit of v?
5
Let t = -43 + -47. What is the units digit of ((-26)/(-4))/((-9)/t)?
5
Let x(z) = -z**2 + 13*z + 5. Let p be x(13). Suppose v - 4*w + 12 = 0, 3*w + p = 4*v + 1. Let h = -1 + v. What is the units digit of h?
3
Let d(i) = -i**3 + 19*i**2 - 35*i + 17. Let m be d(17). Suppose 3*k + k - 5*l - 392 = m, 0 = 3*k - 2*l - 294. What is the units digit of k?
8
Let q(b) = 5*b**3 + 17*b**2 + 3*b - 7. Let c(l) = 9*l**3 + 33*l**2 + 5*l - 14. Let y(z) = 4*c(z) - 7*q(z). What is the units digit of y(-13)?
6
Let v be 39/(-15) + (-28)/20 + 2. What is the tens digit of 149/(-2)*v*2?
9
Let l(h) = -23*h**2 + 4*h + 2. Let d be l(-1). What is the hundreds digit of 115 - ((-21)/5 + (-5)/d)?
1
Let f(x) = x**3 - 5*x**2 + 5*x - 1. Let p be f(4). Suppose 5*y + p*w = 167, -2*y + 70 + 0 = 2*w. What is the tens digit of y?
3
Suppose 0 = -3*c + 355 + 41. Let y = -16 + c. What is the hundreds digit of y?
1
Let i = 2847 + -1795. What is the thousands digit of i?
1
Suppose 9 = -3*k, o - 2*k = -k + 7. Suppose z = -o*t - 4*z + 169, 2*t = 4*z + 52. What is the units digit of t?
6
Let i(g) = -2*g - 2. Let y be i(-2). Suppose 0 = -u + y*u - 2, -a - 2*u + 7 = 0. Suppose -39 = -a*o - 3*l, -l = 4*o - 7 - 51. What is the units digit of o?
5
Let c(s) = -25*s**3 + 5*s**2 + 15*s + 46. What is the hundreds digit of c(-5)?
2
What is the units digit of (25356/(-16))/(-3) + 4/(-16)?
8
Let j(i) = -i**3 + 10*i**2 + i + 5. Let t = 16 - 6. Let o be j(t). What is the units digit of (0 + o)*(-16)/(-5)?
8
Suppose 36*h = 45*h - 5319. What is the units digit of h?
1
Let c be (6/4)/((-45)/1680). Let h = -31 - c. What is the units digit of h?
5
Suppose 28*z = -y + 25*z + 1602, z = -2. What is the tens digit of y?
0
Let k(c) = 2*c + 87. Let x be k(-6). Suppose -2*p - 387 = -5*p. Let t = p - x. What is the tens digit of t?
5
Suppose 0 = 2*o + i - 1132, -3*o + 134 = -3*i - 1564. What is the hundreds digit of o?
5
Suppose 112*y - 123728 = 38*y. What is the tens digit of y?
7
What is the units digit of (5 + -2)/((-15)/(-1975))?
5
Let r(g) = 3*g**2 - 28*g - 101. What is the hundreds digit of r(28)?
4
Let t be (-7)/(-14)*2*5. Suppose t*r - 172 - 115 = 4*k, r - 70 = 5*k. What is the units digit of r?
5
Suppose -35*q = 2*i - 31*q - 3034, 5*q = 2*i - 3043. What is the thousands digit of i?
1
Let d(y) = -24*y + 124. What is the hundreds digit of d(-21)?
6
Suppose -5*g - 523 = -2*l + 6241, 3*l = 4*g + 10132. What is the thousands digit of l?
3
Let j(u) = 3*u**3 - 7*u**2 + 9*u + 3. Let q(w) = -w**3 + w**2 - 1. Let y(v) = j(v) + 6*q(v). What is the tens digit of y(-4)?
3
Let i = -103 - -103. Suppose -2*c + 368 = -5*w - 331, -3*c + w + 1029 = i. What is the tens digit of c?
4
Suppose -2*x + 1 = -3. Suppose -5*p = -5*s - 20, -6 = -2*p + x. What is the units digit of -3*(s + 2 - 8)?
8
Suppose -5*a + 18 = -2. Suppose -50 = -2*c - a. What is the units digit of c?
3
Suppose 2124 = n + 3*g, 14*n - 29966 = -4*g + 8*g. What is the units digit of n?
9
Let f = -5 - -10. Suppose -a = -f*a + 12. Suppose -g = 5, -59 + 9 = -a*n - 2*g. What is the units digit of n?
0
Let w(z) be the second derivative of 3*z**5/20 + z**4/12 + z**3/2 + z**2/2 - 3*z. Let s be w(-2). What is the units digit of 2/5 + (-40)/s?
2
Let c = 4026 - 100. What is the thousands digit of c?
3
Let i(l) = 20*l + 32. Let m be i(-7). Let w = m - -217. What is the units digit of w?
9
Let n(d) = -d**3 + 27*d**2 - 54*d - 69. What is the tens digit of n(23)?
0
Let u = -46 - -48. Suppose -b - 3*n = -70, -65 = -u*b + b + 2*n. What is the units digit of b?
7
Let f = -4233 + 7394. Suppose -10*o - 551 = -f. What is the tens digit of o?
6
Let o(n) = -51*n - 76. What is the units digit of o(-5)?
9
Let j(s) = -s**3 + 22*s**2 - 12*s + 22. What is the units digit of j(12)?
8
Let v(h) = 2 - 17 + 6 + 8 - 10*h. Suppose 0 = 5*i - 2*w - 0 - 5, 0 = -2*w - 10. What is the units digit of v(i)?
9
Suppose -4*c + 12216 = 4*t, 4*t = -c - 2711 + 14915. What is the tens digit of t?
5
Suppose 2*b - 1632 = 2*m, 0*b - b - 5*m = -834. Suppose -b = -5*h + 86. What is the tens digit of h?
8
Suppose 4*s - 12 = -m, 0 = -4*s - 0*m + 4*m + 12. Suppose s*d = 3*b - 198, -3*d = -b - 3*b + 261. What is the units digit of b?
3
Let h = -2 - 17. Suppose 2*i + 3*n = 8*n - 84, 3*i + 84 = -3*n. Let s = h - i. What is the units digit of s?
3
Suppose -133 = -2*l - 5*v, 4*l - 4*v - 64 - 244 = 0. What is the hundreds digit of 27/12*(l - -2)?
1
Let l(s) = 22 - 10*s - s + 14*s. What is the units digit of l(-7)?
1
Suppose 4*u - 5 + 15 = 2*q, -10 = -2*q. Let v be u/(6/2) + 2. What is the units digit of v/(-11) + 1165/55?
1
Suppose -6*f = -4*f - 320. Suppose 5*n = f + 170. What is the tens digit of n?
6
Suppose 3104 = 177*j - 173*j. What is the tens digit of j?
7
Let d(l) = 5*l**3 - 2*l + 1. Let f be d(1). Suppose f = -4*z + 24. Suppose 2*r - 61 = -0*r + w, 25 = z*w. What is the tens digit of r?
3
Let u = 84 - -499. What is the tens digit of u?
8
Let y(l) = 11*l**3 - 3*l**2 - 5*l + 5. What is the tens digit of y(4)?
4
Let q(a) = -a**3 + 4*a**2 + 5*a + 3. Let h be q(5). Suppose -2*d - 2*d + 7 = o, -2*o - h*d - 1 = 0. Let s = 13 + o. What is the units digit of s?
8
